12)/3)/((-10)/25). Suppose 4*h + 0*h - 120 = 0. What is the greatest common factor of b and h?
10
Suppose 23*w - 26*w = -2*q - 24, 3*q = -3*w + 39. What is the highest common factor of w and 8?
2
Let z = 671 - 627. Let q(l) = -l**2 + 4*l + 1. Let c be q(3). What is the greatest common divisor of c and z?
4
Suppose 0 = -600*u + 602*u - 12. Let r(g) = 7*g - 3. Let o be r(3). What is the highest common factor of o and u?
6
Suppose 97*a - 94*a - 105 = 0. Suppose -2*l - 5*b = -115, -7*b + 4*b - 15 = 0. Calculate the highest common factor of a and l.
35
Let w(k) = 24*k + 30. Let g be w(7). Calculate the highest common divisor of g and 9.
9
Let h = 1387 + -1374. What is the greatest common factor of h and 169?
13
Suppose 130 = 6*x - 3830. Suppose 528 = 4*c - 4*m, -5*c - m + x = -3*m. Let o be (-12)/78 + c/13. Calculate the greatest common factor of 40 and o.
10
Suppose 2*f = -4*z - 4, -2*z - 3*f = 2*f + 10. Suppose z = 3*x - 23 - 34. What is the greatest common divisor of x and 76?
19
Suppose -9*b + 373 - 94 = 0. Calculate the highest common factor of 310 and b.
31
Let i be 4/6*(-1 + 91). Let r = 210 - 435. Let a be r/(-10) + (-1)/2 + 2. Calculate the highest common factor of a and i.
12
Suppose 0 = -4*k + 5*j + 190 + 37, 0 = -3*k + 4*j + 169. What is the greatest common factor of 28 and k?
7
Let l = -34 - -49. Suppose 0 = 3*b - 5*o - 45, 0*b - 5*o = -b + 15. Calculate the highest common divisor of b and l.
15
Let o be (-31)/(-5) + 5/(-25). Let h(n) = 3*n**2 - 8*n**2 - 3*n + o*n**2 + 2. Let m be h(4). What is the greatest common factor of m and 2?
2
Let w be (-3306)/(-19) + (1 + -4)*1. What is the highest common factor of 27 and w?
9
Suppose 18*t = 13*t - 460. Let q = 140 + t. Calculate the highest common divisor of 16 and q.
16
Let z = -36 + 35. Let h be -4*45/(-20) - z. What is the highest common factor of 110 and h?
10
Let l(v) = v**3 - 8*v**2 + 19*v - 14. Let p be l(6). What is the highest common factor of 252 and p?
28
Let w(c) = -c**2 - 31*c - 74. Let s be w(-13). What is the highest common divisor of 500 and s?
20
Suppose 30 = 4*h + 10. Suppose h*s + b = -3*b + 7, -b = 4*s - 10. Suppose 5*k - 60 = 3*j, -s*k = -4*k + j + 14. What is the greatest common factor of k and 9?
9
Let p(l) be the first derivative of l**3/3 + 5*l**2/2 - 4. Let b be p(4). Calculate the highest common divisor of 252 and b.
36
Let j(d) = d**3 - 5*d**2 + 2*d. Let o be j(3). Let z = o - -3. Let t = -1 - z. Calculate the highest common factor of t and 20.
4
Suppose 2*g + 4*k - 28 = 0, 3*g - 3*k - 10 = -k. Suppose -5 = -4*h + 11. Suppose -2*t = -3*t + h. Calculate the greatest common divisor of g and t.
2
Let v be 4/14 + ((-55874)/(-49))/13. Calculate the greatest common factor of v and 121.
11
Let a = 623 + -935. Let l be ((-3)/9)/(8/a). Calculate the highest common divisor of 143 and l.
13
Let c be 3/(18/4)*3. Calculate the greatest common divisor of 8 and c.
2
Suppose 0*d + 8 = 2*d. Let s be ((-14)/7)/(d/(-54)). What is the highest common factor of 9 and s?
9
Let v be (140/(-3))/2*-6. What is the highest common divisor of 60 and v?
20
Suppose -2*k = -7*k - 4*w + 30, 0 = 3*k - 4*w - 18. What is the highest common factor of 42 and k?
6
Let n = -58 + 98. Let f = 17 - 1. What is the greatest common factor of n and f?
8
Let w be 5/((-5)/3) + (22 - -5). Calculate the greatest common factor of 9 and w.
3
Suppose 0 = 5*y + 2*r - 72, 4 = -2*r - 4. Let d be 1/(-4) + 321/4. Calculate the highest common divisor of y and d.
16
Suppose -2750 = 22*p - 27*p. Calculate the greatest common factor of p and 22.
22
Let o(x) = -100*x**2 - x + 1. Let z be o(1). Let w = 142 + z. What is the greatest common divisor of w and 6?
6
Let m = 443 - 395. Calculate the greatest common divisor of m and 1392.
48
Let z = 573 + -560. Let o be (-2 + 3/2)*-234. What is the greatest common factor of z and o?
13
Suppose -3*o + x = -30, 5*x - 14 - 34 = -3*o. Suppose 0 = -o*y + 312 + 381. Calculate the highest common factor of 63 and y.
63
Suppose -3*s + 548 = i, -6*s = -4*s + 3*i - 370. Calculate the greatest common factor of s and 56.
14
Let b be -4 - ((35 - 44) + (0 - -2)). Let f be 0 + 0 - -25 - 1. What is the highest common factor of f and b?
3
Suppose 4*t = 5*y + 36, 5*y + 0*y = 0. Let i(c) = 5*c**3 + 7*c**2 - 2*c - 2*c**3 - 2*c**3 - 12. Let z be i(-6). What is the greatest common divisor of z and t?
9
Let m = -35 + 63. Let t(n) = n**3 - 5*n**2 - 5*n + 7. Let z be t(7). Calculate the highest common factor of m and z.
14
Suppose -169*h = 129*h - 80*h - 436. Let g = -1 - -4. Calculate the highest common factor of h and g.
1
Suppose -4*o - 214 = -p, 39*p - 43*p + 5*o = -911. Let u be (4/(-3))/(6/(-117)). What is the highest common divisor of p and u?
26
Let o be (16/10)/(2/20). Suppose -w + 12 = -k + 3*w, 3*k = 3*w. Suppose -166 = -k*i + 2*f, -3 = -4*f - 15. Calculate the greatest common divisor of o and i.
8
Suppose 51*i = 52*i - 90. Suppose 4*p + 5*y - i = 0, 7 = p - 4*y - 26. Calculate the greatest common factor of 5 and p.
5
Let l(j) = 3*j - 8. Let i be l(0). Let g = 9 - i. What is the greatest common factor of 187 and g?
17
Let l be ((-30096)/(-308))/(3/((-189)/(-6))). Calculate the greatest common divisor of 18 and l.
18
Suppose -5*s + 55 - 10 = 0. Suppose -2*p + s = w - 6, -p + 4*w + 21 = 0. Suppose -7*k + 3*k + 396 = 0. What is the greatest common factor of p and k?
9
Let d be 258/2 + 8/(5 + -3). Let q = -94 + d. Calculate the highest common divisor of 156 and q.
39
Let i(f) = 2*f**3 + 35*f**2 - 24*f - 44. Let u be i(-18). What is the greatest common divisor of u and 112?
16
Let g be 1*83 + 2/2. Let a = 4 + 7. Suppose a*t - 7*t = 84. Calculate the greatest common divisor of t and g.
21
Let v(q) = q**3 - 3*q**2 + 4*q + 12. Let l be v(4). Let s be 3 + -1 - 6/3. Suppose x - 11 = -s*x. What is the highest common factor of x and l?
11
Let y(i) = -2*i. Let k be y(-1). Suppose c + 4*p - 15 = 0, 4*c + c + k*p - 75 = 0. Calculate the greatest common divisor of 10 and c.
5
Let r be -1 - (-11 + 349)/(-2). Calculate the highest common divisor of r and 42.
42
Suppose 20 = 5*d - 2*w, -w - 4 = -12*d + 11*d. Calculate the highest common factor of d and 20.
4
Let h(g) = 381*g + 8. Let o be h(7). Suppose 0 = -s - 4*s + o. Suppose 2*r + 113 + 23 = q, 4*q - 5*r = s. Calculate the highest common factor of q and 13.
13
Let s(t) = 7*t**2 + 1. Let n(r) = r**2 + 1 - 2*r + 0*r**2 + r. Let j be n(2). Let c be s(j). Calculate the greatest common divisor of 16 and c.
16
Suppose 0 = n + 4*n - 2*k - 29, 3*k = -2*n + 4. Suppose 2*g + 4*j - 98 = 0, -15 = n*j - 5. Let c = -26 + g. What is the greatest common factor of 3 and c?
3
Let o be (2/(-9))/2 + 23014/333. Calculate the highest common factor of 92 and o.
23
Let q be 13 + 0 + (6 - 2). Let s = 82 - q. What is the greatest common factor of 13 and s?
13
Suppose 0 = -a + u + 95, -u = -0*a + a - 87. What is the greatest common factor of 39 and a?
13
Suppose 16 + 68 = 3*y. Let h = 189 - y. Let q(p) = 2*p**2 - 3*p - 4. Let i be q(-3). What is the greatest common factor of i and h?
23
Let q be (-20)/6 - ((-132)/(-18))/11. Let f be -69*3/(-9) + q. What is the highest common divisor of f and 209?
19
Suppose 0 = -4*r + 7 - 107. Suppose -31 = 10*q + 79. Let z = q - r. What is the greatest common factor of 14 and z?
14
Suppose -2*v - n + 99 = 2*v, v - 28 = 3*n. Let u = v - 23. Suppose -f - 3*y = -17, -3*f - u*f + 133 = -y. Calculate the highest common factor of 260 and f.
26
Suppose -2*z + 5*z - 9 = 0. Suppose -4*p - z = 17. Let c(h) = -3*h - 4. Let j be c(p). What is the greatest common factor of 88 and j?
11
Let x = 29 - 9. Suppose -21*w + 4 = -20*w. What is the highest common factor of w and x?
4
Suppose 171*m + 20 = 172*m. Calculate the greatest common divisor of m and 60.
20
Let q = 22 - 17. Suppose 0 = 5*w - 2*w - 12. Suppose w*t - t - 105 = 0. Calculate the greatest common factor of t and q.
5
Let g(i) = 2*i**2 + 15*i - 12. Suppose -23*f + 45 = -28*f. Let s be g(f). Calculate the greatest common divisor of s and 5.
5
Let a be 13/3 - 98/42. Let p(n) = -n**2 + 7*n - 2. Let c be p(5). What is the highest common factor of c and a?
2
Let k(n) = -n**3 + 12*n**2 - 11*n + 15. Let t be k(11). Let j(a) = -a**3 - 9*a**2 + 32*a + 12. Let h be j(-12). What is the highest common divisor of h and t?
